{"id":643,"date":"2024-09-27T14:11:22","date_gmt":"2024-09-27T14:11:22","guid":{"rendered":"https:\/\/submerso.pt\/?page_id=643"},"modified":"2024-10-02T02:11:12","modified_gmt":"2024-10-02T02:11:12","slug":"infraestruturas","status":"publish","type":"page","link":"https:\/\/submerso.pt\/?page_id=643","title":{"rendered":"Infraestruturas"},"content":{"rendered":"<div class=\"wpb-content-wrapper\"><p>[vc_row][vc_column][vc_single_image image=&#8221;519&#8243; img_size=&#8221;1920&#215;245&#8243; alignment=&#8221;center&#8221; css_animation=&#8221;fadeIn&#8221; css=&#8221;&#8221;][vc_separator color=&#8221;custom&#8221; border_width=&#8221;3&#8243; css_animation=&#8221;fadeInLeft&#8221; css=&#8221;&#8221; accent_color=&#8221;#99d4e5&#8243;][vc_column_text css=&#8221;&#8221;]Explore a galeria do Submerso, uma cole\u00e7\u00e3o de fotografias dedicada \u00e0s &#8220;\u00e1guas invis\u00edveis&#8221; de Lisboa, onde poder\u00e1 descobrir imagens das antigas infraestruturas que marcaram a hist\u00f3ria h\u00eddrica de Lisboa.<\/p>\n<p>Atrav\u00e9s de fotografias de po\u00e7os, chafarizes, fontes, galerias subterr\u00e2neas e nascentes, esta galeria revela a import\u00e2ncia destas estruturas na vida da cidade, trazendo \u00e0 luz um patrim\u00f3nio muitas vezes esquecido, mas fundamental para a identidade da cidade.[\/vc_column_text][\/vc_column][\/vc_row][vc_row][vc_column width=&#8221;1\/2&#8243;][vc_column_text css_animation=&#8221;fadeIn&#8221; css=&#8221;&#8221;]<\/p>\n<h1><span style=\"color: #99d4e5;\">Chafariz D&#8217;el Rei<\/span><\/h1>\n<p>[\/vc_column_text][vc_images_carousel images=&#8221;556,521,557,661,663,664,666,668&#8243; img_size=&#8221;500&#215;300&#8243; autoplay=&#8221;yes&#8221; css_animation=&#8221;fadeIn&#8221; css=&#8221;&#8221;][vc_column_text css_animation=&#8221;fadeIn&#8221; css=&#8221;&#8221;]<\/p>\n<h1><span style=\"color: #99d4e5;\">Chafariz Rua do S\u00e9culo<\/span><\/h1>\n<p>[\/vc_column_text][vc_images_carousel images=&#8221;672,673,674&#8243; img_size=&#8221;500&#215;300&#8243; autoplay=&#8221;yes&#8221; css_animation=&#8221;fadeIn&#8221; css=&#8221;&#8221;][vc_column_text css_animation=&#8221;fadeIn&#8221; css=&#8221;&#8221;]<\/p>\n<h1><span style=\"color: #99d4e5;\">Museu da \u00c1gua &#8211; Esta\u00e7\u00e3o dos Barbadinhos<\/span><\/h1>\n<p>[\/vc_column_text][vc_images_carousel images=&#8221;525,653,652,654,651&#8243; img_size=&#8221;500&#215;300&#8243; autoplay=&#8221;yes&#8221; css_animation=&#8221;fadeIn&#8221; css=&#8221;&#8221;][\/vc_column][vc_column width=&#8221;1\/2&#8243;][vc_column_text css_animation=&#8221;fadeIn&#8221; css=&#8221;&#8221;]<\/p>\n<h1><span style=\"color: #99d4e5;\">Chafariz de Dentro<\/span><\/h1>\n<p>[\/vc_column_text][vc_images_carousel images=&#8221;671,670&#8243; img_size=&#8221;500&#215;300&#8243; autoplay=&#8221;yes&#8221; css_animation=&#8221;fadeIn&#8221; css=&#8221;&#8221;][vc_column_text css_animation=&#8221;fadeIn&#8221; css=&#8221;&#8221;]<\/p>\n<h1><span style=\"color: #99d4e5;\">Chafariz da Esperan\u00e7a<\/span><\/h1>\n<p>[\/vc_column_text][vc_images_carousel images=&#8221;676,675,679,678,677&#8243; img_size=&#8221;500&#215;300&#8243; autoplay=&#8221;yes&#8221; css_animation=&#8221;fadeIn&#8221; css=&#8221;&#8221;][vc_column_text css_animation=&#8221;fadeIn&#8221; css=&#8221;&#8221;]<\/p>\n<h1><span style=\"color: #99d4e5;\">Mosteiro de S\u00e3o Vicente<\/span><\/h1>\n<p>[\/vc_column_text][vc_images_carousel images=&#8221;659,660,658,657,656,655&#8243; img_size=&#8221;500&#215;300&#8243; autoplay=&#8221;yes&#8221; css_animation=&#8221;fadeIn&#8221; css=&#8221;.vc_custom_1727835064177{padding-top: 45px !important;}&#8221;][\/vc_column][\/vc_row]<\/p>\n<\/div>","protected":false},"excerpt":{"rendered":"<p>[vc_row][vc_column][vc_single_image image=&#8221;519&#8243; img_size=&#8221;1920&#215;245&#8243; alignment=&#8221;center&#8221; css_animation=&#8221;fadeIn&#8221; css=&#8221;&#8221;][vc_separator color=&#8221;custom&#8221; border_width=&#8221;3&#8243; css_animation=&#8221;fadeInLeft&#8221; css=&#8221;&#8221; accent_color=&#8221;#99d4e5&#8243;][vc_column_text css=&#8221;&#8221;]Explore a galeria do Submerso, uma cole\u00e7\u00e3o de fotografias dedicada \u00e0s &#8220;\u00e1guas invis\u00edveis&#8221; de Lisboa, onde poder\u00e1 descobrir imagens das antigas infraestruturas que marcaram a hist\u00f3ria h\u00eddrica de Lisboa. Atrav\u00e9s de fotografias de po\u00e7os, chafarizes, fontes, galerias subterr\u00e2neas e nascentes, esta galeria revela a &hellip; <\/p>\n<p class=\"link-more\"><a href=\"https:\/\/submerso.pt\/?page_id=643\" class=\"more-link\">Leia mais<span class=\"screen-reader-text\"> &#8220;Infraestruturas&#8221;<\/span><\/a><\/p>\n","protected":false},"author":1,"featured_media":0,"parent":0,"menu_order":0,"comment_status":"closed","ping_status":"closed","template":"page-templates\/no-title.php","meta":{"footnotes":""},"class_list":["post-643","page","type-page","status-publish","hentry"],"_links":{"self":[{"href":"https:\/\/submerso.pt\/index.php?rest_route=\/wp\/v2\/pages\/643","targetHints":{"allow":["GET"]}}],"collection":[{"href":"https:\/\/submerso.pt\/index.php?rest_route=\/wp\/v2\/pages"}],"about":[{"href":"https:\/\/submerso.pt\/index.php?rest_route=\/wp\/v2\/types\/page"}],"author":[{"embeddable":true,"href":"https:\/\/submerso.pt\/index.php?rest_route=\/wp\/v2\/users\/1"}],"replies":[{"embeddable":true,"href":"https:\/\/submerso.pt\/index.php?rest_route=%2Fwp%2Fv2%2Fcomments&post=643"}],"version-history":[{"count":9,"href":"https:\/\/submerso.pt\/index.php?rest_route=\/wp\/v2\/pages\/643\/revisions"}],"predecessor-version":[{"id":691,"href":"https:\/\/submerso.pt\/index.php?rest_route=\/wp\/v2\/pages\/643\/revisions\/691"}],"wp:attachment":[{"href":"https:\/\/submerso.pt\/index.php?rest_route=%2Fwp%2Fv2%2Fmedia&parent=643"}],"curies":[{"name":"wp","href":"https:\/\/api.w.org\/{rel}","templated":true}]}}